culate the greatest common factor of t and 70.
10
Let z = -47 - -481. Calculate the greatest common factor of 14 and z.
14
Suppose -6*x + 3*s = -2*x - 91, -15 = 3*s. Suppose 0 = -2*y + 2*f + 42, -y + 6*f - 4*f = -x. What is the highest common factor of 230 and y?
23
Suppose -q + 24 = 3*q. Let j be (-1)/(-1 + 3/4). Calculate the highest common divisor of j and q.
2
Let b be (-11 - (143 - 6))*58/(-8). Calculate the highest common factor of 87 and b.
29
Suppose 5*s + 0*j + 516 = -4*j, -2*s + 4*j - 212 = 0. Let w be s/(-10) + (-16)/40. Calculate the highest common divisor of 10 and w.
10
Suppose -3*o + 20 = 2*o. Suppose 170 = o*j + 14. Let g = j - -17. What is the greatest common factor of g and 8?
8
Suppose -222*m - 2312 = -239*m. Calculate the greatest common factor of 340 and m.
68
Let t = 298 + -163. Calculate the highest common divisor of t and 18.
9
Let q = -22 - -25. Suppose q*s - 109 = -s - 3*c, s - 2*c - 30 = 0. Suppose -3*f + 4*o + 5 = 0, f = -o - 3*o + 23. What is the highest common divisor of s and f?
7
Let i be 2/4*(62 - 26). What is the highest common factor of i and 207?
9
Let u(b) = 2*b - 3. Let r be u(2). Let v = 14 + -12. Suppose -24 = -5*j + z, -6*j - 3*z = -v*j - 4. What is the greatest common divisor of r and j?
1
Let n(j) = 419*j**2 + 3*j - 2. Let k be n(1). Suppose -k = c - 4*c. What is the highest common factor of c and 28?
28
Suppose -5 = -j + 3. Suppose -4*s = -j*s + 8. What is the greatest common divisor of 2 and s?
2
Let w(u) = u**2 + 4*u + 19. Let d be w(23). Calculate the greatest common factor of 40 and d.
40
Suppose -84 = -4*v - 20. Let l be (-1)/(-4) - (-28)/v. Calculate the greatest common factor of 3 and l.
1
Suppose -a - 205 = -3*f, -6*f + f - 5*a + 375 = 0. Suppose 3*n + f = 8*n. Suppose -68 + 12 = -d. Calculate the greatest common divisor of d and n.
14
Let f(s) = -s**2 + 29*s + 81. Let b be f(31). Calculate the highest common factor of 19 and b.
19
Let l(m) = 311*m + 2*m**2 - 311*m + 26*m**3 - 1. Let s be l(1). What is the highest common divisor of 3 and s?
3
Suppose 0 = -4*p + j - 57, -5*j = -5*p - 4*j - 71. Let n be ((-124)/(-5))/(p/(-70)). Suppose -n = 7*h - 11*h. Calculate the highest common factor of 248 and h.
31
Suppose 0 = -c + 3*d + 35 - 11, 4*d - 160 = -4*c. What is the highest common factor of c and 243?
9
Let d be -1 + 1 + 2 + 8. Let s be (d/2 - -1) + 3. Let p(u) = -u**3 + 8*u**2 + 9*u + 9. Let b be p(s). What is the greatest common factor of 27 and b?
9
Suppose -b + 6 = 4. Suppose h = b*h - 275. Suppose -4*v = 5*m - 121, 9 = 3*m - 4*v - 70. What is the greatest common factor of m and h?
25
Suppose 20*b + 11*b = 682. Let d(k) = k**3 + k + 110. Suppose -4*w = 3*a - 15, 3*w - a + 9 = 4. Let g be d(w). Calculate the greatest common factor of b and g.
22
Suppose -2*v - 4 + 8 = 0, -y - 4*v = -15. Calculate the highest common divisor of y and 77.
7
Let b(j) = 20 - 5 - 27*j + j**3 + 10*j**2 - 30*j + 58*j. Let v be b(-8). Calculate the greatest common divisor of 45 and v.
45
Let j be (-47)/(-9) + 8/(-36). Suppose 10 = -i - j*k, 5*k = -2*i - 4 - 6. Suppose 12 = 4*u - i. What is the greatest common divisor of u and 9?
3
Let g(i) = -i**2 - 5*i - 2. Let q be g(-4). Let y be 9/(-2)*156/(-351). What is the greatest common factor of q and y?
2
Suppose 157 = 9*h + 58. What is the highest common divisor of 3 and h?
1
Suppose 0 = 4*l + a - 26, -3*a = 5*l - 0*a - 29. What is the highest common factor of 91 and l?
7
Suppose -3*r - 4 - 12 = -2*m, 5*m - 2*r = 29. Let a be (0 - -10)*(-4 + 6). What is the greatest common divisor of m and a?
5
Let m be (10 - 2)/(-2)*10/(-8). What is the greatest common divisor of m and 215?
5
Let t be (-2)/8 - (-6868)/16. Calculate the highest common divisor of t and 99.
33
Let u be 1/3*6 - 0. Suppose 0 = -5*b + 2*j + 9, -4*b + 9 = -3*b + u*j. Calculate the highest common factor of 6 and b.
3
Let h = 15 + -3. Suppose 4 = -12*p + 14*p. Let w be p + ((-68)/3)/(4/(-6)). What is the greatest common factor of w and h?
12
Suppose 0 = 3*n - 27 + 3. Suppose 0 = 3*t - n - 4. Let o(y) = -y**3 + 3*y**2 + 3*y + 9. Let b be o(t). What is the greatest common factor of 45 and b?
5
Suppose -3*u - 4*l = -6*l - 23, -5*l = 4*u - 69. What is the greatest common factor of u and 407?
11
Suppose 4*p = 143 + 273. Let w(u) = u**3 + 13*u**2 - 32*u + 282. Let z be w(-16). Calculate the greatest common divisor of z and p.
26
Suppose 3*p - 4*s - 991 = 0, -2*p = -5*s + 6*s - 646. Calculate the highest common divisor of p and 260.
65
Let z be -44*((-285)/(-24) - 7)*-2. Calculate the highest common divisor of 39 and z.
39
Let a(m) = m**3 - 3*m + 3. Let y be a(2). Let g be (-11 - -16)*148/y. Calculate the highest common divisor of g and 37.
37
Let y(d) = -d**2 - 6*d. Let n be (10 + -14)*3/2. Let p be y(n). Suppose 0*f + 4*f - 48 = p. Calculate the highest common divisor of f and 3.
3
Suppose 5*k = -0*k + 200. Suppose 2*a = -13*a + 120. What is the greatest common factor of a and k?
8
Let v(c) = c**3 + 27*c**2 - 30*c - 44. Let d be v(-28). What is the highest common divisor of 3 and d?
3
Suppose -2*a + 2*t = 7*t - 445, 0 = -a + 2*t + 200. What is the greatest common factor of a and 70?
70
Let z be (-9)/15 - 224/(-40). Suppose -z*c + 5*k - 3*k - 3 = 0, 0 = -5*c + 4*k - 11. Calculate the greatest common divisor of c and 2.
1
Let g(k) = 3*k**2 - 5*k**3 - 9*k - 7*k**2 + 10 + 6*k**3. Let m be g(6). Calculate the highest common factor of 28 and m.
28
Suppose -4 - 1 = d, 10 = o - 2*d. Suppose 40 = -o*p + 10*p. Calculate the highest common divisor of 3 and p.
1
Suppose 5*h + 1070 + 775 = 0. Let k = -201 - h. What is the highest common divisor of 24 and k?
24
Suppose -475*j + 5832 = -463*j. Calculate the highest common factor of j and 54.
54
Suppose 2*f - 21 + 1 = 0. Suppose -2*y + 22 = -f. Let x be 30/7 - y/56. What is the highest common factor of x and 44?
4
Let q(w) = w**2 - 4*w + 1. Let v be q(5). Suppose a - v*a = -585. Let b = a + 15. Calculate the greatest common factor of b and 33.
33
Let q = -55 - -59. Let z = q + 3. What is the highest common divisor of 49 and z?
7
Let u(b) = b**2 + 7*b - 46. Let g be u(6). Calculate the greatest common divisor of 160 and g.
32
Let s(n) = -n**3 - 9*n**2 + 2*n - 3. Let f be s(-8). Let v be (7 - 6)*(2 - f). What is the highest common factor of v and 51?
17
Let k be (-158 + 554)/((-3)/(-2)). What is the greatest common factor of k and 8?
8
Suppose 0 = -t + x + 68, t = 3*x - 0*x + 60. Suppose -2*n = n - t. Let h = 12 - 4. What is the greatest common divisor of n and h?
8
Suppose 58*h = 5839 - 967. What is the highest common factor of 420 and h?
84
Let x = -73 - -79. Suppose 122 = 8*d - x. Calculate the highest common factor of d and 16.
16
Let i = -45 + 99. Let s be ((-16)/(-24))/(4/i). What is the highest common divisor of 1 and s?
1
Suppose 116 = n - 3*f + 3, 4*f - 216 = -2*n. Calculate the highest common divisor of 30 and n.
10
Let s = -1947 - -2442. What is the highest common factor of 135 and s?
45
Suppose -n - 3*j - 5 = -2, -2*j = 2*n - 10. What is the highest common factor of n and 243?
9
Let y(o) = 40*o + 3. Suppose 5*s - 18 = 2*d, 5*d + 5*s - 13 = 12. Let h be y(d). Let v = h - -87. Calculate the greatest common factor of v and 26.
26
Suppose 5*b - 34 = -3*g, 4*b + 42 = 4*g + 9*b. What is the greatest common factor of 296 and g?
8
Let o(w) = -45*w - 5. Let a(g) = -67*g - 8. Let k(f) = 5*a(f) - 7*o(f). Let l be k(-5). What is the greatest common divisor of l and 19?
19
Let v = -269 + 112. Let c = v + 183. Calculate the highest common divisor of 39 and c.
13
Let m(g) = -2*g + 7. Let w(v) = 4*v - 15. Let i(y) = 5*m(y) + 2*w(y). Let h be i(3). Let f = 8 + h. What is the greatest common divisor of f and 56?
7
Let w be 16/8*(-70)/(-4). Let l = w + -15. Let y = 29 - l. Calculate the greatest common factor of y and 6.
3
Let d = 0 - -13. Let u(q) = -q**3 + 3*q**2 + 4*q. Let f be u(-3). Let l = f + d. Calculate the greatest common factor of l and 22.
11
Suppose -27 = -3*k + 648. Suppose 3*t = 12*t - k. Let m(n) = -28*n + 7. Let x be m(-6). What is the highest common factor of t and x?
25
Suppose 4*m - 2*f = 4038, -m = 2*f - 998 - 4. Suppose 0 = -12*x - m + 2592. Let u be (0 + 22)*3/2. Calculate the highest common divisor of x and u.
33
Let v(t) = -2*t**2 + t + 4. Let w be v(4). Let n be 